 What is the greatest common divisor of 192 and j?
24
Suppose -6556*t + 6544*t = -3456. What is the greatest common divisor of 9 and t?
9
Let n(i) = -1310*i - 1335. Let o be n(-5). What is the greatest common divisor of o and 140?
35
Let s(y) = -88*y**3 - 3*y**2 + 28*y + 94. Let u be s(-4). Calculate the greatest common factor of 414 and u.
46
Let y be ((-26)/(-6) - 2)*-72. Let a = -147 - y. What is the greatest common divisor of 147 and a?
21
Suppose -4*m = 16, -34 = -5*p - 5*m + 6*m. Suppose 2*j + p*j - 960 = 0. What is the greatest common divisor of 80 and j?
40
Suppose 6*y - 668 = 820. Let a = -229 + y. Calculate the greatest common factor of a and 209.
19
Suppose 44*c - 8 = 36*c. Let m be c + 5 + -20*(-6)/15. Calculate the highest common divisor of m and 399.
7
Suppose -5*l + 10 = 0, -2*a - 24 = 2*l + 2*l. Let r(y) = -y**3 - 15*y**2 + 16*y + 9. Let g be r(a). Calculate the highest common divisor of 387 and g.
9
Let i = -278 + 345. Let s be i + -6 + 3 + 6. Calculate the greatest common factor of 98 and s.
14
Let b be ((-850)/(-51))/((-1)/(-3)). Suppose -8*j + b = -3*j. Let s be j/(-35) + 508/14. What is the highest common divisor of s and 12?
12
Let k be 15 + -7 + (3 - 18/2). Let b(h) = 3*h**2. Let l be b(-2). Suppose l = 6*p - 2*p. Calculate the greatest common factor of k and p.
1
Let k(r) = 20. Let f(d) = d - 39. Let b(z) = 2*f(z) + 5*k(z). Let t be b(-17). Let h = t - -19. Calculate the greatest common divisor of 77 and h.
7
Let t be -3 + 31 + (1 - 1). Let n(z) = z**2 - 19*z - 27. Let y be n(t). Calculate the highest common divisor of 25 and y.
25
Let n be 10/(-14) - (-226930)/770. Let k(i) = -4*i - 4. Let q be k(-8). What is the greatest common factor of q and n?
14
Let d be 3/((-9)/(-12)) + 2882/11. Suppose -2*i + 2*v = -7*i + 478, 3*i - 4*v - d = 0. What is the highest common factor of i and 329?
47
Let z be (204/24)/(1/144*-2). Let d = -564 - z. What is the highest common factor of 6 and d?
6
Let w be ((-10608)/780)/((-1)/5). Calculate the greatest common factor of w and 1122.
34
Suppose -2*u = 7 + 61. Let j = u - 0. Let i = 47 + j. Calculate the greatest common factor of 52 and i.
13
Suppose 10*a - 6*a = 72. Let q = a + -17. Let o be 9/2*14/21. What is the highest common divisor of q and o?
1
Suppose -6*g - 24*b = -23*b - 3600 - 4072, 0 = 3*b + 24. Suppose -3 = -v + 37. Calculate the highest common divisor of g and v.
40
Suppose 64 = 6*i + 10. Suppose i = w + 2*w, 5*h = -w - 62. Let z = h - -17. Calculate the highest common factor of 4 and z.
4
Suppose 0 = 55*c - 53*c - 8. Suppose -11*u = -c*u - 735. Suppose -r + 3*w + 20 = 2*w, -r - 10 = 5*w. Calculate the highest common factor of u and r.
15
Suppose 128 = -18*g + 20*g. Suppose 0 = 4*s + 2*x - 70, -3*x + 35 = 5*s - 54. Calculate the highest common factor of g and s.
16
Let n(g) = 5*g**2 - 3*g + 218. Let x be n(21). What is the highest common factor of x and 40?
40
Let b(t) = t**3 - 94*t**2 + 88*t + 2425. Let l be b(93). Calculate the greatest common divisor of l and 180.
20
Let w be (10/(-5) - 2)*4953/(-156). Calculate the greatest common divisor of 5 and w.
1
Let a be 0 - 3/3 - -34. Let d = 61 - 61. Suppose -6*p - 6*p + 36 = d. What is the greatest common divisor of p and a?
3
Let l = 171 - 171. Suppose 2*t - 13*t + 440 = l. Calculate the highest common divisor of 4 and t.
4
Suppose 64*g - 127463 = -26*g - 41*g. Calculate the greatest common divisor of g and 2224.
139
Let m(l) = -97*l + 298. Let s be m(3). What is the greatest common factor of s and 10031?
7
Suppose -40*t = -4*t + 3024. Let i be (1 - -3)/((-14)/t) + -5. Let l = 407 + -255. What is the greatest common divisor of i and l?
19
Suppose -5*r = 3*h - 4157 + 295, -2*r + 1540 = 2*h. Calculate the greatest common factor of r and 679.
97
Let s = 612 - 588. Suppose -16*x + s*x = 128. What is the highest common divisor of x and 832?
16
Let n(y) = -26*y + 236. Let r be n(6). Suppose -t = 4*t + 105. Let v be 6/t + (-426)/(-21). What is the highest common divisor of v and r?
20
Let z(d) = 376*d + 24. Let h be (33/198)/((-1)/(-18)). Let t be z(h). Calculate the highest common factor of t and 32.
32
Suppose -2 = -2*x, -2*x - 43 = -3*k - 0*x. Let a = -4957 - -4972. What is the highest common divisor of k and a?
15
Let q be 12124/21 - 4/3. Suppose -17*s + q = -5*s. Let k(g) = 36*g**2 + g - 2. Let p be k(2). What is the greatest common factor of p and s?
48
Suppose -14944 + 2534 + 125 = -91*b. What is the greatest common divisor of 65 and b?
5
Let w(i) = 2*i + 10. Let m be w(-4). Let o be 2202/12 + 1/m. Suppose -4*s + o = h, -184 = -4*s - h - 4*h. What is the highest common factor of s and 115?
23
Suppose -4*r = -5*j - 157, 5*r - 9*j = -6*j + 206. Suppose r*c - 979 = 225. What is the greatest common divisor of c and 700?
28
Suppose 41 = -4*i - 7. Let a(f) = 2*f**2 + 6*f - 27. Let t be a(i). What is the highest common divisor of 21 and t?
21
Suppose 5*q = -38*l + 37*l + 12809, -2*l = -3*q - 25709. What is the highest common factor of l and 190?
38
Suppose -r = -3*r + 2*z + 86, -5*r + 2*z = -230. Calculate the highest common divisor of r and 152.
8
Suppose 5*v + 2526 = 4*a, -7*v = -4*a - 10*v + 2478. What is the highest common divisor of a and 390?
78
Suppose -61*t - 53*t + 3420 = 0. Calculate the highest common divisor of 3430 and t.
10
Suppose -57058 = -36*x + 15*x - 14134. What is the greatest common factor of 84 and x?
28
Let g(b) be the first derivative of -24*b**2 - 2*b + 42. Let z be g(-4). What is the greatest common divisor of z and 10?
10
Suppose 5*d + 2 = -4*n, 3*d - 4*n = 5*d + 8. Let w = 1108 + -1072. What is the highest common divisor of w and d?
2
Let i be (-286)/(-2) - (-6)/(48/(-40)). Calculate the highest common factor of i and 322.
46
Suppose 91 = 2*s + q - 68, -q - 241 = -3*s. Calculate the greatest common divisor of 464 and s.
16
Let v = 88 - 69. Suppose -v*g = -22*g + 1353. Let n be (1/1)/(7/287). What is the greatest common factor of n and g?
41
Suppose 15*k = 7*k + 520. Let l(b) = -b**3 - 5*b**2 - 68. Let p be l(-7). Calculate the greatest common factor of k and p.
5
Let v = 6302 - 6094. What is the greatest common factor of v and 1209?
13
Let g(c) = 4*c**3 - 226*c**2 + 113*c + 212. Let s be g(56). What is the greatest common divisor of 2278 and s?
134
Suppose 0 = f + f - 192. Let l = -44 + 95. Let o = 75 - l. What is the greatest common divisor of f and o?
24
Let z(j) = -93 + 72*j + 61 - 69*j. Let d be z(14). Let s be 84/9 + 4/6. Calculate the highest common divisor of s and d.
10
Suppose 0 = -10*n + 2*n + 232. Suppose 5*w = -4*m + 36, n + 7 = 4*m - w. Let t be ((m/2)/(-1))/((-2)/4). What is the greatest common divisor of t and 36?
9
Let s(z) = 2. Let g(k) = -8*k**2 + 82*k + 32. Let y(f) = g(f) - 12*s(f). Let j be y(10). What is the greatest common divisor of 126 and j?
14
Let t = 10664 - 9936. Calculate the highest common factor of t and 224.
56
Suppose 2*w - 3*t - 118 = w, -550 = -5*w - 5*t. Let g be 32/((-384)/(-18))*64/6. What is the highest common divisor of g and w?
16
Suppose 21*d - 35*d = 50*d - 85888. What is the highest common divisor of d and 22?
22
Suppose 9413 = -74*w + 44267. What is the greatest common factor of w and 15?
3
Let d(o) = -2*o. Let b(l) = -23*l - 301. Let z(t) = b(t) + 5*d(t). Let r be z(-10). Calculate the highest common divisor of 783 and r.
29
Let m(b) = -13*b + 65. Let i be m(5). Let t be 16 + 2/2 + i. Suppose -4*c - 13 + 81 = 0. What is the highest common divisor of t and c?
17
Suppose -15*b + 60 = 765. Let l = -35 - b. Calculate the greatest common divisor of l and 4.
4
Let t = 1 + 19. Let v(u) = 4*u**2 - 280*u + 2966. Let f be v(11). What is the highest common divisor of t and f?
10
Let a(x) = x**3 - 16*x**2 + 28*x - 324. Let q be a(17). Calculate the highest common divisor of 18 and q.
9
Let x = 13 + -8. Let d(k) = -8 - 2 + 0*k + 15*k. Let s be d(1). Calculate the greatest common divisor of s and x.
5
Let q(o) = 107*o**2 - 50*o + 289. Let s be q(5). Calculate the greatest common factor of 184 and s.
46
Suppose a + 35 = -t + 2*t, 4*t - a = 152. Suppose -3*x + 56*o - 59*o = -918, o = 4*x - 1254. What is the greatest common divisor of x and t?
39
Let p(o) = o**2 + o - 15. Let s be p(-9). Let n be 370/6 - 6/9. Let b = n - s. Calculate the greatest common factor of 76 and b.